it of 2822210?
2
What is the hundred thousands digit of 100840?
1
What is the hundred thousands digit of 7580484?
5
What is the tens digit of 130960?
6
What is the ten thousands digit of 6015838?
1
What is the ten thousands digit of 535598?
3
What is the ten thousands digit of 217757?
1
What is the thousands digit of 763650?
3
What is the ten thousands digit of 255168?
5
What is the thousands digit of 4537426?
7
What is the millions digit of 12488793?
2
What is the hundreds digit of 79167?
1
What is the thousands digit of 879292?
9
What is the hundreds digit of 316966?
9
What is the millions digit of 1726551?
1
What is the thousands digit of 332928?
2
What is the hundred thousands digit of 1246847?
2
What is the hundred thousands digit of 820592?
8
What is the thousands digit of 227556?
7
What is the hundreds digit of 1606439?
4
What is the thousands digit of 541687?
1
What is the units digit of 1252912?
2
What is the tens digit of 16927?
2
What is the tens digit of 258536?
3
What is the hundred thousands digit of 285201?
2
What is the hundred thousands digit of 1858140?
8
What is the thousands digit of 1080877?
0
What is the tens digit of 175131?
3
What is the hundreds digit of 8947715?
7
What is the hundred thousands digit of 4925700?
9
What is the millions digit of 3740838?
3
What is the hundred thousands digit of 2272084?
2
What is the hundreds digit of 757006?
0
What is the ten thousands digit of 217250?
1
What is the hundreds digit of 254619?
6
What is the millions digit of 2068446?
2
What is the hundreds digit of 210338?
3
What is the hundreds digit of 559110?
1
What is the hundred thousands digit of 656192?
6
What is the hundreds digit of 2567697?
6
What is the ten thousands digit of 189675?
8
What is the millions digit of 15226414?
5
What is the hundreds digit of 321946?
9
What is the tens digit of 147758?
5
What is the hundreds digit of 725864?
8
What is the tens digit of 37441?
4
What is the tens digit of 13932747?
4
What is the thousands digit of 10495676?
5
What is the ten thousands digit of 232104?
3
What is the tens digit of 961174?
7
What is the hundred thousands digit of 2266227?
2
What is the thousands digit of 6060818?
0
What is the units digit of 472233?
3
What is the thousands digit of 5786?
5
What is the thousands digit of 12408233?
8
What is the hundred thousands digit of 232998?
2
What is the units digit of 1453864?
4
What is the hundred thousands digit of 211198?
2
What is the hundred thousands digit of 174826?
1
What is the millions digit of 1822749?
1
What is the millions digit of 7273303?
7
What is the tens digit of 5932646?
4
What is the hundreds digit of 43909?
9
What is the ten thousands digit of 4472554?
7
What is the units digit of 3791697?
7
What is the tens digit of 106666?
6
What is the hundred thousands digit of 7150264?
1
What is the units digit of 273497?
7
What is the thousands digit of 501637?
1
What is the millions digit of 3844118?
3
What is the thousands digit of 4827408?
7
What is the hundred thousands digit of 3981287?
9
What is the ten thousands digit of 46820?
4
What is the hundreds digit of 2202577?
5
What is the thousands digit of 1172718?
2
What is the tens digit of 1381167?
6
What is the tens digit of 638723?
2
What is the hundreds digit of 637074?
0
What is the tens digit of 8782221?
2
What is the thousands digit of 1653947?
3
What is the tens digit of 4888857?
5
What is the hundreds digit of 312948?
9
What is the units digit of 126599?
9
What is the ten thousands digit of 1471768?
7
What is the millions digit of 2900949?
2
What is the tens digit of 2791635?
3
What is the tens digit of 973615?
1
What is the tens digit of 234886?
8
What is the tens digit of 18938885?
8
What is the hundreds digit of 473384?
3
What is the thousands digit of 162686?
2
What is the ten millions digit of 11873839?
1
What is the tens digit of 113620?
2
What is the hundreds digit of 129664?
6
What is the thousands digit of 141540?
1
What is the thousands digit of 415824?
5
What is the ten thousands digit of 1104346?
0
What is the units digit of 265991?
1
What is the hundred thousands digit of 1249361?
2
What is the hundreds digit of 473427?
4
What is the hundred thousands digit of 105873?
1
What is the ten thousands digit of 16978583?
7
What is the hundreds digit of 166743?
7
What is the thousands digit of 1206637?
6
What is the hundreds digit of 5515585?
5
What is the thousands digit of 187827?
7
What is the thousands digit of 303039?
3
What is the ten thousands digit of 3133269?
3
What is the tens digit of 656695?
9
What is the ten thousands digit of 92735?
9
What is the ten millions digit of 17513862?
1
What is the units digit of 233997?
7
What is the tens digit of 1120095?
9
What is the tens digit of 203849?
4
What is the tens digit of 5487190?
9
What is the hundreds digit of 47799?
7
What is the units digit of 25552?
2
What is the units digit of 71427?
7
What is the millions digit of 2787350?
2
What is the thousands digit of 14919319?
9
What is the thousands digit of 42466?
2
What is the thousands digit of 178664?
8
What is the units digit of 2067138?
8
What is the hundreds digit of 822285?
2
What is the millions digit of 1157935?
1
What is the hundred thousands digit of 18771541?
7
What is the hundreds digit of 4921?
9
What is the thousands digit of 3540356?
0
What is the tens digit of 1443666?
6
What is the units digit of 72492?
2
What is the ten thousands digit of 508456?
0
What is the thousands digit of 10070350?
0
What is the millions digit of 6687236?
6
What is the hundreds digit of 1870838?
8
What is the hundreds digit of 14424?
4
What is the tens digit of 219795?
9
What is the thousands digit of 53300?
3
What is the hundred thousands digit of 1582031?
5
What is the units digit of 244641?
1
What is the hundred thousands digit of 1302522?
3
What is the millions digit of 1056300?
1
What is the tens digit of 7359?
5
What is the thousands digit of 5552290?
2
What is the thousands digit of 4304945?
4
What is the tens digit of 71177?
7
What is the ten thousands digit of 1890067?
9
What is the units digit of 1609344?
4
What is the millions digit of 10831550?
0
What is the hundreds digit of 2420938?
9
What is the thousands digit of 629159?
9
What is the hundreds digit of 7238649?
6
What is the units digit of 12694605?
5
What is the hundreds digit of 70225?
2
What is the ten thousands digit of 3345154?
4
What is the tens digit of 7458348?
4
What is the hundred thousands digit of 4701495?
7
What is the tens digit of 565410?
1
What is the thousands digit of 308273?
8
What is the tens digit of 488564?
6
What is the ten thousands digit of 3609267?
0
What is the units digit of 8220221?
1
What is the units digit of 1985697?
7
What is the hundred thousands digit of 125119?
1
What is the tens digit of 400071?
7
What is the ten thousands digit of 1096470?
9
What is the hundred thousands digit of 32805943?
8
What is the tens digit of 193306?
0
What is the hundreds digit of 8248301?
3
What is the hundred thousands digit of 1464302?
4
What is the ten thousands digit of 701899?
0
What is the hundreds digit of 10172537?
5
What is the hundreds digit of 28570122?
1
What is the thousands digit of 1137915?
7
What is the tens digit of 154964?
6
What is the hundreds digit of 301770?
7
What is the tens digit of 1109134?
3
What is the ten thousands digit of 314580?
1
What is the tens digit of 1681867?
6
What is the tens digit of 6619349?
4
What is the tens digit of 1587946?
4
What is the tens digit of 3405295?
9
What is the hundreds digit of 319702?
7
What is the units digit of 1701220?
0
What is the ten thousands digit of 2868776?
6
What is the ten thousands digit of 5529892?
2
What is the hundred thousands digit of 134638?
1
What is the thousands digit of 974999?
4
What is the thousands digit of 265238?
5
What is the ten thousands digit of 4896573?
9
What is the units digit of 820810?
0
What is the hundreds digit of 325022?
0
What is the hundreds digit of 325740?
7
What is the hundreds digit of 3899338?
3
What is the tens digit of 1082562?
6
What is the hundred thousands digit of 967395?
9
What is the thousands digit of 357920?
7
What is the hundred thousands digit of 367725?
3
What is the ten thousands digit of 5402277?
0
What 